{"id":36623,"date":"2024-08-28T15:21:34","date_gmt":"2024-08-28T13:21:34","guid":{"rendered":"https:\/\/ascale.es\/new-web\/projects\/fachada-ventilada-showroom-en-belgica\/"},"modified":"2025-06-04T12:22:08","modified_gmt":"2025-06-04T10:22:08","slug":"revetements-de-luxe-avec-crotone-pulpis-pour-facades-exterieures","status":"publish","type":"projects","link":"https:\/\/www.ascale.es\/fr\/projects\/revetements-de-luxe-avec-crotone-pulpis-pour-facades-exterieures\/","title":{"rendered":"Rev\u00eatements de luxe avec Crotone Pulpis pour fa\u00e7ades ext\u00e9rieures"},"template":"","meta":{"_monsterinsights_skip_tracking":false,"_monsterinsights_sitenote_active":false,"_monsterinsights_sitenote_note":"","_monsterinsights_sitenote_category":0,"image":"https:\/\/www.ascale.es\/wp-content\/uploads\/2024\/08\/Crotone-Pulpis5.webp","description_":"<p>Cr\u00e9dits:<\/p>\n<ul>\n<li><a href=\"https:\/\/www.gramar.com\/\">Gramar<\/a><\/li>\n<\/ul>\n","gallery":["https:\/\/www.ascale.es\/wp-content\/uploads\/2024\/08\/Crotone-Pulpis5.webp","https:\/\/www.ascale.es\/wp-content\/uploads\/2024\/08\/Crotone-Pulpis2.webp","https:\/\/www.ascale.es\/wp-content\/uploads\/2024\/08\/Crotone-Pulpis3-1.webp"]},"categorias":[170],"class_list":["post-36623","projects","type-projects","status-publish","hentry","categorias-exterieurs"],"aioseo_notices":[],"_links":{"self":[{"href":"https:\/\/www.ascale.es\/fr\/wp-json\/wp\/v2\/projects\/36623","targetHints":{"allow":["GET"]}}],"collection":[{"href":"https:\/\/www.ascale.es\/fr\/wp-json\/wp\/v2\/projects"}],"about":[{"href":"https:\/\/www.ascale.es\/fr\/wp-json\/wp\/v2\/types\/projects"}],"wp:attachment":[{"href":"https:\/\/www.ascale.es\/fr\/wp-json\/wp\/v2\/media?parent=36623"}],"wp:term":[{"taxonomy":"categorias","embeddable":true,"href":"https:\/\/www.ascale.es\/fr\/wp-json\/wp\/v2\/categorias?post=36623"}],"curies":[{"name":"wp","href":"https:\/\/api.w.org\/{rel}","templated":true}]}}

Revêtements de luxe avec Crotone Pulpis pour façades extérieures

<p>Crédits:</p>
<ul>
<li><a href="https://www.gramar.com/">Gramar</a></li>
</ul>
